False
Is 3099809 composite?
False
Is 4192157 a prime number?
True
Is 219733 a composite number?
True
Is 39998533 composite?
False
Is 3858397 a prime number?
False
Is 9516149 prime?
True
Is 33354427 a composite number?
True
Is 235603805 composite?
True
Is 346327027 prime?
False
Is 114340007 composite?
False
Is 2029417 prime?
False
Is 98311547 prime?
False
Is 185891 a composite number?
True
Is 301442839 a prime number?
False
Is 206509 a composite number?
True
Is 182766237 prime?
False
Is 68813083 a prime number?
True
Is 83294041 a composite number?
False
Is 138534563 composite?
False
Is 1351589 a composite number?
False
Is 96044023 a prime number?
True
Is 3740393 prime?
True
Is 42049991 a composite number?
False
Is 805933 prime?
True
Is 29396527 a composite number?
False
Is 179254 a composite number?
True
Is 1949251 prime?
True
Is 55744313 a prime number?
False
Is 11137067 composite?
False
Is 819635 a prime number?
False
Is 466533029 composite?
True
Is 1518493 prime?
False
Is 6803 prime?
True
Is 11926249 a composite number?
False
Is 52738073 prime?
True
Is 2270923 a composite number?
True
Is 535313089 composite?
False
Is 28014947 a composite number?
False
Is 1540403 composite?
False
Is 1632509 composite?
False
Is 48619049 a prime number?
False
Is 2693321 a prime number?
True
Is 308411 a composite number?
False
Is 80880301 composite?
False
Is 552794323 composite?
False
Is 41912517 composite?
True
Is 10253117 a composite number?
True
Is 10014917 prime?
False
Is 34471205 a prime number?
False
Is 8834603 a composite number?
True
Is 201356567 a composite number?
False
Is 10369217 composite?
False
Is 16788971 a prime number?
True
Is 1664107 composite?
True
Is 3108107 prime?
False
Is 113822 composite?
True
Is 13028009 a composite number?
False
Is 372553067 a prime number?
False
Is 33093587 a prime number?
False
Is 27414163 composite?
True
Is 127066 a prime number?
False
Is 115695851 a prime number?
True
Is 16872601 prime?
True
Is 8515931 a composite number?
False
Is 1828909 a composite number?
True
Is 40880449 a composite number?
True
Is 2394017 a composite number?
False
Is 67235939 a prime number?
True
Is 19063 a composite number?
True
Is 58067881 composite?
False
Is 8731439 composite?
True
Is 1258723 composite?
False
Is 9995213 a composite number?
False
Is 25828609 prime?
False
Is 21003241 composite?
True
Is 21041071 composite?
False
Is 31250966 composite?
True
Is 1511701 a prime number?
False
Is 4280251 prime?
False
Is 1993031 a prime number?
True
Is 251576311 prime?
False
Is 1264395089 a composite number?
False
Is 6484477 composite?
False
Is 9548069 a prime number?
False
Is 46643039 prime?
True
Is 9022453 composite?
True
Is 95380537 a composite number?
True
Is 615941 a composite number?
False
Is 335381 prime?
True
Is 7920157 composite?
True
Is 1299479 composite?
True
Is 780746 a prime number?
False
Is 5220473 a composite number?
True
Is 788863 a composite number?
False
Is 418043363 prime?
True
Is 20803147 a prime number?
False
Is 98731154 prime?
False
Is 128148365 a composite number?
True
Is 101496737 composite?
False
Is 30628694 a composite number?
True
Is 235381093 prime?
True
Is 29269307 composite?
False
Is 499063 prime?
True
Is 312138661 a composite number?
False
Is 29852521 a prime number?
False
Is 193937 a prime number?
True
Is 41429161 composite?
True
Is 3279361 prime?
True
Is 7024513 a prime number?
True
Is 10716187 a prime number?
False
Is 17425235 a composite number?
True
Is 22757731 prime?
True
Is 272327101 a prime number?
True
Is 72469847 a prime number?
False
Is 46677913 prime?
True
Is 359546071 prime?
True
Is 620467949 a composite number?
False
Is 292969 a prime number?
True
Is 166139121 composite?
True
Is 11854559 prime?
False
Is 4301053 a composite number?
False
Is 603077 composite?
False
Is 68857 prime?
False
Is 754306981 a prime number?
True
Is 1147793 prime?
True
Is 443093 a prime number?
False
Is 17803841 composite?
True
Is 3833897 composite?
False
Is 450891353 a prime number?
False
Is 22112339 a composite number?
True
Is 760807 prime?
True
Is 3094129 a composite number?
False
Is 4045313 composite?
False
Is 26179831 composite?
True
Is 30172973 a prime number?
True
Is 141567859 a prime number?
True
Is 793487 a composite number?
False
Is 21145363 composite?
False
Is 38030467 a prime number?
True
Is 6287783 a composite number?
False
Is 15342559 a composite number?
False
Is 1469459 composite?
True
Is 4494571 a prime number?
True
Is 138343 composite?
True
Is 4698671 composite?
False
Is 2046749 a prime number?
False
Is 620769 prime?
False
Is 662227 prime?
True
Is 175127 composite?
True
Is 48171947 composite?
False
Is 345979 composite?
False
Is 752641345 a composite number?
True
Is 16989899 prime?
False
Is 24283037 a prime number?
True
Is 3442091 composite?
False
Is 18952751 a prime number?
False
Is 241087463 a composite number?
False
Is 33915929 a composite number?
True
Is 8071981 composite?
False
Is 54368341 composite?
True
Is 643801 composite?
True
Is 90144865 a composite number?
True
Is 4396037 a composite number?
False
Is 120124171 composite?
False
Is 74737645 a composite number?
True
Is 3683737 prime?
False
Is 2488699 prime?
True
Is 10809299 composite?
False
Is 554985091 composite?
False
Is 241171001 composite?
False
Is 725216101 a composite number?
True
Is 27350777 a prime number?
True
Is 41727611 a composite number?
False
Is 36488867 prime?
True
Is 5418749 a prime number?
False
Is 101244553 prime?
True
Is 7038319 a composite number?
False
Is 2142899 a prime number?
False
Is 11707093 a composite number?
False
Is 6925759 a prime number?
False
Is 116610891 a composite number?
True
Is 500287 composite?
False
Is 429113 prime?
False
Is 4940545 a composite number?
True
Is 421241 a prime number?
True
Is 121174639 prime?
False
Is 303207601 a composite number?
True
Is 1577801 a composite number?
False
Is 107962601 composite?
True
Is 8363063 composite?
True
Is 26741233 prime?
True
Is 64696909 prime?
False
Is 7872229 a prime number?
False
Is 34521763 composite?
True
Is 2297903 a composite number?
False
Is 80357885 prime?
False
Is 40386701 composite?
False
Is 50098281 a composite number?
True
Is 5966239 prime?
True
Is 9176323 prime?
False
Is 57365713 composite?
True
Is 11117309 composite?
True
Is 58978981 a composite number?
False
Is 2076157 composite?
True
Is 17088293 prime?
True
Is 2530793 composite?
False
Is 255554129 a prime number?
False
Is 1465547 prime?
True
Is 860747737 composite?
False
Is 37651 composite?
True
Is 99511579 a prime number?
False
Is 357310319 composite?
False
Is 539479 prime?
True
Is 3318833 a prime number?
False
Is 1102657 composite?
True
Is 935821 a prime number?
False
Is 6620717 a prime number?
True
Is 278459 a prime number?
True
Is 24374261 a composite number?
False
Is 16809505 composite?
True
Is 26116079 a composite number?
True
Is 17674315 a prime number?
False
Is 17616881 composite?
False
Is 12586571 a prime number?
True
Is 4482379 composite?
True
Is 30715507 composite?
True
Is 1641997 a composite number?
True
Is 3725753 a prime number?
True
Is 4296013 a prime number?
True
Is 55819529 a prime number?
True
Is 181451 a composite number?
True
Is 398813 composite?
False
Is 477170929 a composite number?
False
Is 4507681 a prime number?
False
Is 54915257 a composite number?
True
Is 45502399 a prime number?
True
Is 41993551 composite?
False
Is 318377 a prime number?
True
Is 1690883 prime?
True
Is 1660333 a prime number?
False
Is 17169143 prime?
False
Is 2852393 composite?
True
Is 20925409 a composite number?
True
Is 1227071 a prime number?
False
Is 4740779 prime?
True
Is 273611869 prime?
True
Is 11881687 a composite number?
False
Is 116890403 a prime number?
False
Is 27494815 composite?
True
Is 850115789 a prime number?
True
Is 12038503 a composite number?
True
Is 387901 prime?
False
Is 93301 prime?
False
Is 149015687 a composite number?
True
Is 5050831 prime?
False
Is 26414827 composite?
False
Is 96897137 composite?
True
Is 430749647 a composite number?
True
Is 2653319 prime?
True
Is 822862081 a composite number?
True
Is 14319205 a composite number?
True
Is 4012367 composite?
False
Is 6569483 a prime number?
True
Is 26747531 prime?
True
Is 38149 a prime number?
True
Is 84888647 a composite number?
False
Is 73694